*3 - 2*c**2 + 3*c + 2. Let k = -5672 + 5714. What is the remainder when k is divided by g(2)?
2
Suppose 10637 - 3493 = 19*j. Calculate the remainder when j is divided by 98.
82
Suppose 5*d = 47 + 23. Let c be (11/(198/708))/(2/(-6)). Let a = -92 - c. What is the remainder when a is divided by d?
12
Let r = 145 + -139. What is the remainder when -45*3*r/(-30) is divided by 14?
13
Let g = -32 + 69. Let t = g - -5. Calculate the remainder when t is divided by (1 - -1 - -14)/((-508)/(-762)).
18
Suppose -3*m + 30 = 17*k - 18*k, 0 = -k - 3*m - 6. Calculate the remainder when (-12)/k*(-948)/(-8) is divided by 32.
15
Let y = -3 + 3. Suppose y = 5*m - 2*w - w - 141, -5*m = 4*w - 162. Let o = 35 - m. Calculate the remainder when 9 is divided by o.
4
Calculate the remainder when 657 is divided by ((-384)/28)/(8/(-28)) - -7.
52
Suppose 45 = -m + 6*m - 5*u, 2*m + u = 3. Suppose 0 = -3*v - 2 - 4. What is the remainder when (50/(-5) - -3)/(v/6) is divided by m?
1
Let k(v) = -1 - 2 + 138*v - 137*v + 2 + 11*v**2. Calculate the remainder when k(2) is divided by 31.
14
Suppose 8*y - 6*y - 36 = 0. Suppose 4*b - y*b = -868. Calculate the remainder when 556 is divided by b.
60
Let l = 23781 - 23139. What is the remainder when l is divided by 202?
36
Let a be (-380)/(-2)*-1*7/14. Let p = -70 - a. Let l = 117 - 44. Calculate the remainder when l is divided by p.
23
Suppose 5*w - 23641 = -a, -67*w - a = -69*w + 9462. What is the remainder when w is divided by 55?
54
Let z(c) = -848*c**3 - 3*c**2 - 6*c - 3. Calculate the remainder when z(-1) is divided by 34.
32
Suppose 3*n = 5*m - 40 + 5, m - n - 9 = 0. Suppose -m*z + 8 = -8*z. Calculate the remainder when 15 is divided by (z/(-5))/((-42)/(-40) + -1).
7
Let f(q) = 67 + q + 2*q + 3*q - 17*q. What is the remainder when 1 is divided by f(6)?
0
What is the remainder when 1259 is divided by (-13405)/(-2681) + (-218)/(-2)*3?
263
What is the remainder when 5894 is divided by -8*((-6)/(-2) + (-322)/56)?
20
Calculate the remainder when (240/(-8))/3 + 809 is divided by 134.
129
Suppose 2*g + 2*t = 32, 4*g + 754*t - 755*t = 84. What is the remainder when 10256 is divided by g?
16
Suppose 2152 = -16*a - 1672. Let g = 361 + a. Calculate the remainder when g is divided by 14.
10
Let w(o) = -7*o**2 + 172*o + 56. What is the remainder when w(13) is divided by 60?
29
Suppose -20*i + 233 + 266 = 39. Calculate the remainder when 89 is divided by i.
20
Calculate the remainder when 15/((-180)/132) - -232 is divided by 19.
12
Suppose -f = 1 + 1, -3*y + 3*f + 102 = 0. Let p = -75 - -78. What is the remainder when -3 + (p + 378)/3 is divided by y?
28
Suppose -5*f - 3*w + 0*w = -77, 0 = -f - 4*w + 29. Suppose 3*p = -4*c + 35 + 18, 0 = 2*c - 3*p - f. Calculate the remainder when 131 is divided by c.
10
Suppose -3*v = v - 20. Let g be ((-1)/1)/(((-5)/5)/2). Suppose -3*t = -3*p + 4*p - 19, -v*p - g*t = -82. Calculate the remainder when 44 is divided by p.
12
What is the remainder when -8 - -4 - 0 - (-640)/2 is divided by 136?
44
Let i = -9121 + 9412. Calculate the remainder when 324 is divided by i.
33
Suppose 4*d - 141 - 239 = 0. Suppose -4*g + d = -5*b - g, 4*g + 38 = -2*b. Let y = -14 - b. What is the remainder when 9 is divided by y?
4
Suppose -w + 3 = 5*d + 13, -3*w = 4*d + 19. Let s(f) = -f**2 - 2*f + 32. What is the remainder when s(w) is divided by 6?
5
What is the remainder when -4*(4 + -3) - (2 - 979) is divided by 15?
13
Let l(w) = -183*w**3 - 4*w**2 + 120*w + 250. What is the remainder when l(-2) is divided by 17?
13
Let m be 0/((-28)/4)*-1*1. Suppose m = 3*q - 276 - 192. Suppose 3*d + 4*i = i + q, d - 3*i = 32. Calculate the remainder when d is divided by 6.
5
What is the remainder when 118/(-5)*(102 - 112) is divided by 22?
16
Suppose 23*y = -5254 + 5829. What is the remainder when 108 is divided by y?
8
Let y be ((-8)/(-12) + 57/(-18))*10. Calculate the remainder when 84 - (-10)/y*5 is divided by 12.
10
What is the remainder when (((-12)/2)/(-2))/(20/(-16040)*-6) is divided by 8?
1
Calculate the remainder when (3*(-14)/49)/((-1)/1246) is divided by 330.
78
Let r(j) = -37*j + 24. Let p(s) = -5*s**2 - 49*s + 10. Let q be p(-10). What is the remainder when r(q) is divided by 15?
9
Calculate the remainder when (4/8 + -3)/(115/(-1656)) is divided by ((-34)/4)/((-1)/2).
2
Let a = -328 + 332. Suppose 111 = 3*b + 3*d, d + 151 + 7 = a*b. Let y(j) = -j**2 - 6*j - 1. What is the remainder when b is divided by y(-4)?
4
Let s(f) = -18*f**2 - 2*f - 3. Let x be s(2). Let y = x + 87. What is the remainder when 27 is divided by y?
3
Let b(s) = 22 - 8 - 15 + 6*s**2. Let m be b(1). Suppose 0 = 2*j + 5*p - 62, 2*p + 97 = -0*j + m*j. Calculate the remainder when 39 is divided by j.
18
Let c(q) = -q**3 + 19*q**2 + 45*q + 138. What is the remainder when c(20) is divided by 65?
53
Suppose -7*x = -6*x + 2*a + 47, x + 17 = 4*a. Let q = x + 58. Calculate the remainder when 77 is divided by q.
14
What is the remainder when 356 is divided by ((-1827)/28)/(12/(-128)*2)?
8
Suppose 6 - 38 = -2*j. Suppose 3*g - 388 = -n, -5*n - 37 = -g + 23. What is the remainder when g is divided by j?
13
Suppose 58*x - 117 = 49*x. Suppose 3*n - 122 = 25. Suppose -v + 5*b = -11, -2*v - b + n = -28. What is the remainder when v is divided by x?
10
Let o(j) = -2*j**2 + 23*j - 16. Let t be o(10). Suppose -t*n - 21*n = -4760. What is the remainder when n is divided by 47?
42
Let m(b) = -b**2 - 9*b + 124. Let n be m(-16). Suppose -7*l - 980 = -n*l. What is the remainder when l is divided by 25?
21
Let v(m) = 2*m**2 + 99*m + 1390. Calculate the remainder when v(-20) is divided by 4.
2
Suppose -29*s + 36249 = 14*s. What is the remainder when s is divided by 18?
15
Suppose -5459 = -71*o + 2889 - 254. Calculate the remainder when 1136 is divided by o.
110
Suppose -5*v = 2*f + 11, -3*v - f - 14 = -8. Let z be 1/(3/(99/3)). Calculate the remainder when (-7 + z - (v - -4))*78 is divided by 40.
38
Let z = 12856 - 12794. Calculate the remainder when z is divided by 2/4*(32 + -6).
10
Suppose -500*k = -496*k - 1652. Calculate the remainder when k is divided by 68.
5
Suppose -8*i = -268 + 252. Let k be (16/20)/(5/25). Suppose -19 = -k*u - 7. What is the remainder when u is divided by i?
1
Suppose -2*x = 4*d - 1414 - 70, 0 = -8*x + d + 5919. Calculate the remainder when x is divided by 39.
38
Let o = -20 + 64. Let i = -327 - -329. Suppose 2*z = -3*r + 35, -i*r + 7*z = 4*z - 6. Calculate the remainder when o is divided by r.
8
Suppose -5*v + 25 = 0, -5*v = -11*r + 13*r - 53. What is the remainder when ((-14)/3)/((-4)/30) is divided by r?
7
Suppose -4004 = -4*l - a, 729 = 3*l + 5*a - 2257. Suppose l = 5*k + 422. What is the remainder when k is divided by 9?
8
Suppose 4*m - u - 210 = 0, 5*m - 9*u - 267 = -7*u. Calculate the remainder when 3822 is divided by m.
48
Suppose -5*r - 2*g - 17 = 0, 0 = 3*r + g + 14 - 3. What is the remainder when r/(-2*(-6)/(-60)) is divided by 15?
10
Let v be (-344)/12 - 1/3. Suppose -5*g + 25 = 125. Let l = g - v. Calculate the remainder when 17 is divided by l.
8
Let r = -14 + -350. Let k = -305 - r. Calculate the remainder when 124 is divided by k.
6
Let o(g) = -7*g**2 + 119*g - 26. Calculate the remainder when o(16) is divided by 29.
28
Let v(m) = -84*m - 2473. What is the remainder when 1607 is divided by v(-39)?
1
Let m(l) = l**2 + 8*l - 10. Let i be m(4). Suppose -1046 - 1386 = -i*x. What is the remainder when 203 is divided by x?
11
Let v be 3*(-4)/21*1092/(-24). Calculate the remainder when 225 is divided by 17*1 - (v - 21).
9
Let s(z) = 15*z - 207. Let i be s(14). Suppose -4*n - 17 = -o, -2*n = -o + i*n + 12. Calculate the remainder when o is divided by 12.
1
Let i(x) = -206*x + 1489. Calculate the remainder when i(2) is divided by 7.
6
Suppose -7*s = 278 - 460. Calculate the remainder when 525 is divided by s.
5
Let w(r) = 56*r + 5697. What is the remainder when 121 is divided by w(-101)?
39
Let f(v) = 2*v**2 - 7*v + 5. Let o(r) = -3*r**2 + 76*r - 50. Let h be o(22). Suppose 167*u - h*u = -354. What is the remainder when u is divided by f(5)?
18
Let v = 187 - -48. Suppose -v = -8*h + 173. Calculate the remainder when 107 is divided by h.
5
Suppose 3*j = 3*m + 120, 4*j - 602*m = -611*m + 212. Calculate the remainder when 150 is divided by j.
18
Suppose 3*x 